 divided by f.
3
Let m(t) = t**2 - 7*t - 9. Let v be m(9). Calculate the remainder when (3/v)/(4/492) is divided by 22.
19
Let y = -1 + 1. Suppose 68 = -y*k + 2*k. What is the remainder when k is divided by 18?
16
Let j = 97 - 53. What is the remainder when j is divided by 18?
8
Let q(v) = -3*v + 15. Let m be q(6). Let j(d) = -6*d + 3. Calculate the remainder when j(m) is divided by (-1)/3 + (-38)/(-6).
3
Let i = 11 + -2. Let q(v) = v**2 + 2*v - 2. What is the remainder when q(-5) is divided by i*1 + 4 + -6?
6
Suppose -s = -4*u + 2, 2*s = -0*s - 4*u + 32. Suppose -2*l - 96 = -18. What is the remainder when 2 is divided by (-6)/s - l/15?
0
Let c = -81 + 116. What is the remainder when 67 is divided by c?
32
Suppose -5*l = 3*f - 101, f = -f + 5*l + 59. What is the remainder when f is divided by 11?
10
Let t(a) = a**3 + 10*a**2 - 13*a + 18. Calculate the remainder when t(-10) is divided by 25.
23
Let x be -1*(-1)/3*0. Suppose 3*m - 2*m - 5 = x. Calculate the remainder when m is divided by 3.
2
Let w = 44 - 18. What is the remainder when w is divided by 9?
8
Suppose -2*b + 0*b = -12. Suppose -n + b + 2 = 0. What is the remainder when (-3 + -2)*(-22)/5 is divided by n?
6
Let u = -20 - -45. What is the remainder when u is divided by 9?
7
Let o be (-6)/(-8) - 265/(-20). Let h = 5 - o. Calculate the remainder when 66/((h/(-2))/3) is divided by 15.
14
Suppose -r = -2, 5*w - 4*r + 5 = 4*w. Let m = -45 - -18. Calculate the remainder when 23 is divided by 6*w/(m/(-12)).
7
Suppose -9*j + 6*j = -21. Let z be (0 + 1)/(2/2). Calculate the remainder when j is divided by 6*(z - 1/3).
3
Let b = -6 - 1. Let u = b + 14. Calculate the remainder when ((-22)/8)/(2/(-8)) is divided by u.
4
Let b be 1 + 8/(5 + -1). Suppose 2*c + b*c = 20. Calculate the remainder when 9 is divided by c.
1
Let i(f) = -2*f**2 + 5 - 8 - 7*f - f**3 + f**2 - 6*f**2. Suppose -x + 0 = -5. What is the remainder when x is divided by i(-6)?
2
Let w be (-105)/60 - 6/(-8). What is the remainder when 195/9 + w/(-3) is divided by 6?
4
Suppose o - 40 = -3*y - 2, 2*o = 2*y - 36. What is the remainder when 27 is divided by y?
13
Suppose 11 + 1 = 4*d. Let v(x) = x**2 + 3*x - 4. Let b be v(-4). Suppose -d*w + 2 + 7 = b. Calculate the remainder when w is divided by 3.
0
Suppose 5*w + 4*l - 31 = 0, -3*l + 0*l + 12 = 0. Calculate the remainder when 9 is divided by w.
0
Suppose 0 + 14 = 7*z. Calculate the remainder when z is divided by 1.
0
Suppose 4*w + 3*c - 102 = 0, -2*c - c - 6 = 0. Suppose -9 - w = -3*p. What is the remainder when 21 is divided by p?
9
Suppose 0 = 4*s - 2*g - 640, 2*s = -2*g - 3*g + 296. Calculate the remainder when s is divided by 23.
20
What is the remainder when 76 is divided by (39/4)/(5/20)?
37
Suppose 2*f = 6*f - 192. Let l(i) = i**2 - 20*i + 101. Calculate the remainder when f is divided by l(13).
8
Let y = -8 + 26. Let j(l) = -17*l - 12. Let p(b) = -18*b - 13. Let a(i) = 6*j(i) - 5*p(i). What is the remainder when a(-5) is divided by y?
17
Let y(i) = i**3 - 7*i**2 + 7*i - 6. Let u be y(6). Let b(n) = 30 - 5*n**3 - n + u*n**3 + n**2 + 4*n**3. Calculate the remainder when b(0) is divided by 16.
14
Let o be 1 + 3 - 2/2. Let f be 68 - (0/(-1) + o). Suppose k + 4*k = f. What is the remainder when 25 is divided by k?
12
Let y(j) = -3*j + 67. What is the remainder when 108 is divided by y(10)?
34
Suppose 0*r + 7*r = 385. Let w = 47 - 28. Calculate the remainder when r is divided by w.
17
Suppose 17 = -4*a + 1. What is the remainder when a/2*(-34)/4 is divided by 6?
5
Let u be 160/(-28) + (-2)/7. Let t be 496/(-6) + (-4)/u. What is the remainder when 58 is divided by (-2)/4 - t/4?
18
Let n(v) = -v + 40. Calculate the remainder when 32 is divided by n(23).
15
Let w(i) = i**2 - 5*i - 9. Let x be w(7). Suppose -2*k = -3*r - 2, x*k + 4*r - 20 - 31 = 0. What is the remainder when k is divided by 2?
1
Let a be (2/(-6)*0)/2. Suppose a = 5*z - 2*z - 39. Let f(u) = 2*u**2 + 4*u - 1. Calculate the remainder when z is divided by f(-3).
3
Suppose 0 = 4*h + h - 460. Calculate the remainder when h is divided by 49.
43
Let k(i) = i**3 + 6*i**2 + 8*i + 3. Let m be k(-5). Calculate the remainder when 40 is divided by (m/(-9))/(2/21).
12
Let t = -2 + 14. Calculate the remainder when t is divided by (-2 - (-8)/6)/((-8)/60).
2
Suppose -2*i - 4 = -0. Let b = 6 - i. Calculate the remainder when 16 + (0 - (0 - -2)) is divided by b.
6
Let h(x) = -x**3 - x**2 + 3*x + 1. Let n be h(-2). Calculate the remainder when (-1 - n) + (13 - -1) is divided by ((-16)/(-5))/((-30)/(-75)).
6
Calculate the remainder when 36 is divided by 6/15 + 48*4/20.
6
Let x = 11 - 10. Let w(u) = -3*u**3 - 2*u + 1. Let p be w(1). Let s = x - p. What is the remainder when 9 is divided by s?
4
Let s(r) = -r + 1. What is the remainder when s(-6) is divided by 4?
3
Let z(s) = s**2 + 2*s - 2. Let y(q) = q + 8. What is the remainder when y(-6) is divided by z(-3)?
0
Calculate the remainder when (33/(-4))/(4/(-32)) is divided by 17.
15
Let l(p) = 11*p**3 + p**2 + 2*p - 1. What is the remainder when l(2) is divided by 24?
23
Calculate the remainder when 70 is divided by ((-32)/120)/((-4)/10)*18.
10
Let o = 2 - 1. Calculate the remainder when 6 is divided by o.
0
Suppose 27 = -4*u + 119. Let i be 36 - 1/(2/6). Suppose i = b - u. Calculate the remainder when b is divided by 19.
18
Let t = 49 - 7. Suppose -t = -2*o - 16. What is the remainder when 37 is divided by o?
11
Let x = 42 + -35. Calculate the remainder when 9 is divided by x.
2
Let v = 28 + -19. Let c = v + 0. Calculate the remainder when 16 is divided by c.
7
Suppose 3*b + l - 39 = 0, -4*b = b + 5*l - 65. Let h = -4 + 6. What is the remainder when 37/h*(-2)/(-1) is divided by b?
11
Suppose -6 - 2 = -2*d. What is the remainder when d is divided by 3?
1
Let m = -2 + 2. What is the remainder when 40 - ((-2)/(-2) + m) is divided by 10?
9
Let z(h) be the third derivative of 7*h**5/60 - h**4/8 + h**3/6 - h**2. Calculate the remainder when z(2) is divided by 9.
5
Let f(s) = 2*s**2 - 6*s + 10. Let z(g) = -4*g**3 + g**2 + g + 1. Calculate the remainder when z(-2) is divided by f(4).
17
Let n = 2 - 4. Let f be (n/4)/(3/30). Let b = f - -9. Calculate the remainder when 13 is divided by b.
1
Let u(y) = 2*y**2 - 22*y - 13. What is the remainder when u(14) is divided by 12?
11
Let r = -4 - -6. Suppose -w + 0*w = -4*z, -2*z - 18 = -r*w. Suppose 14 = 2*o - w. Calculate the remainder when o is divided by 7.
6
Let i(l) = l**2 - 11*l + 5. Calculate the remainder when i(11) is divided by 22/10 - 1/5.
1
Let i be 10/(-5) - (0 + -5). Suppose i*d + 14 = -37. Let c = d + 55. Calculate the remainder when c is divided by 13.
12
Let d(k) = k**2 + k - 2. Let q be d(3). Let a = q - 16. Let v = 3 - a. Calculate the remainder when v is divided by 5.
4
Let h = 199 + -91. Let n = h - 63. Calculate the remainder when n is divided by 16.
13
Let n be (0 - 0)*3/(-9). Suppose 4*m - 68 = -4*b, n = b - 2*b + 4*m - 3. Calculate the remainder when 38 is divided by b.
12
Let h = 0 - -1. Suppose -5 = 3*k - 17. What is the remainder when k is divided by (-1)/(1/(-2))*h?
0
Let t(h) = 13*h**2 + 2*h + 1. Suppose 2*s - 5*u = 117, -3*s + 2*u + 0*u + 148 = 0. What is the remainder when s is divided by t(-1)?
10
Let d(b) = -b**2 + 5*b + 1. Suppose o + 11 = 4*o + 2*u, -o + 3*u = 0. Suppose 11 = 4*s + o. What is the remainder when d(4) is divided by s?
1
Let m(g) = g**3 + 7*g**2 + 4*g + 4. Suppose 3*n = -3*z - 27, 2*z + 0*n + 6 = 4*n. What is the remainder when m(-5) is divided by 56/98 - 80/z?
10
Suppose 2*t + 0*t = 0. Suppose t = -g + 4*g + f - 52, -4*g + 64 = 4*f. Calculate the remainder when 52 is divided by g.
16
Suppose 4*y - a - 6 = 3, 5*y = 2*a + 12. Suppose 0 = y*z - 54 + 8. Let k(c) = c**2 + 2*c - 4. Calculate the remainder when k(-8) is divided by z.
21
Let t(o) = -o**3 - o**2 + o + 13. Calculate the remainder when 23 is divided by t(0).
10
Suppose 3*d + 9 = -q, -4*q = -0*q - 4*d - 28. Suppose -5*l + q*l - 4*t = -38, -l + 4*t + 1 = 0. What is the remainder when 49 is divided by l?
10
Let c(x) = -x**2 - x + 94. Let g be c(0). Suppose 0 = 3*p - g - 38. Suppose 0 = -q - 3*q + p. What is the remainder when q is divided by 4?
3
Suppose -m + 4*r + 12 = -36, -2*r = 4*m - 138. Calculate the remainder when m is divided by 19.
17
Let s(p) 